{"id":5897,"date":"2025-07-30T23:14:59","date_gmt":"2025-07-30T21:14:59","guid":{"rendered":"https:\/\/grevy.art\/?post_type=product&#038;p=5897"},"modified":"2026-03-12T23:45:36","modified_gmt":"2026-03-12T22:45:36","slug":"scrimp-kopie-2","status":"publish","type":"product","link":"https:\/\/grevy.art\/en\/kunstwerke\/painting\/scrimp-kopie-2\/","title":{"rendered":"K\u00f6lsche Andacht"},"content":{"rendered":"<p><strong>Original auf Leinen \/ Keilrahmen. <\/strong><br \/>\nGem\u00e4lde mit hochwertigen Lascaux Farben und Schutzfirnis.<br \/>\nSeitliche Bemalung in der Tiefe, dadurch kann man auf eine Rahmung verzichten.<br \/>\nDu darfst das Werk bei Interesse zur Probe aufh\u00e4ngen.<\/p>\n","protected":false},"excerpt":{"rendered":"<p>Das Kunstwerk &#8220;K\u00f6lsche Andacht&#8221; verbindet die religi\u00f6se Symbolik oder die gesellschaftliche Zw\u00e4nge mit tiefer Sehnsucht und Freiheit.<br \/>\nEine verliebte Frau steht im Vordergrund und blickt and\u00e4chtig in den Himmel.<br \/>\nIhre Haltung und der Titel des Werks suggerieren einen spirituellen Moment der Besinnung.<\/p>\n<p>Die Anwesenheit der Nonne verst\u00e4rkt das Thema der Andacht und des Glaubens, w\u00e4hrend sie zugleich als strenge Beobachterin der Situation fungiert.<\/p>\n<p>Im Kontrast dazu steht die Flasche Afri Cola, ein Symbol f\u00fcr Konsum, Freiheit und Protest aus K\u00f6ln. Afri Cola, als westdeutsches Kultgetr\u00e4nk bekannt, wird hier als bewusst gew\u00e4hltes Element eingesetzt, das die Konsumgesellschaft und die Verbindung von Religion und Kommerzialisierung kritisiert. Die Flasche k\u00f6nnte auch eine subtile Anspielung auf die Pop-Art-Bewegung sein, die Alltagsgegenst\u00e4nde in die Kunst integrierte, um die moderne Kultur zu reflektieren.<\/p>\n<p>Insgesamt erzeugt das Kunstwerk einen spannungsvollen Dialog zwischen Tradition und Moderne, Glaube, Pop und Konsum.<\/p>\n","protected":false},"featured_media":2705,"comment_status":"open","ping_status":"closed","template":"","meta":{"_acf_changed":false},"ausgestaltungen":[73],"farbigkeit":[388,61,63],"material":[212,217],"motiv":[180,183,181],"product_brand":[],"product_cat":[18],"product_tag":[552],"class_list":{"0":"post-5897","1":"product","2":"type-product","3":"status-publish","4":"has-post-thumbnail","6":"ausgestaltungen-unikat","7":"farbigkeit-blautuerkis","8":"farbigkeit-orange","9":"farbigkeit-tuerkis","10":"material-acryl","11":"material-leinwand","12":"motiv-akt","13":"motiv-frau","14":"motiv-portrait","15":"product_cat-malerei","16":"product_tag-koeln","18":"first","19":"instock","20":"sold-individually","21":"purchasable","22":"product-type-simple"},"acf":[],"aioseo_notices":[],"_links":{"self":[{"href":"https:\/\/grevy.art\/en\/wp-json\/wp\/v2\/product\/5897","targetHints":{"allow":["GET"]}}],"collection":[{"href":"https:\/\/grevy.art\/en\/wp-json\/wp\/v2\/product"}],"about":[{"href":"https:\/\/grevy.art\/en\/wp-json\/wp\/v2\/types\/product"}],"replies":[{"embeddable":true,"href":"https:\/\/grevy.art\/en\/wp-json\/wp\/v2\/comments?post=5897"}],"wp:featuredmedia":[{"embeddable":true,"href":"https:\/\/grevy.art\/en\/wp-json\/wp\/v2\/media\/2705"}],"wp:attachment":[{"href":"https:\/\/grevy.art\/en\/wp-json\/wp\/v2\/media?parent=5897"}],"wp:term":[{"taxonomy":"ausgestaltungen","embeddable":true,"href":"https:\/\/grevy.art\/en\/wp-json\/wp\/v2\/ausgestaltungen?post=5897"},{"taxonomy":"farbigkeit","embeddable":true,"href":"https:\/\/grevy.art\/en\/wp-json\/wp\/v2\/farbigkeit?post=5897"},{"taxonomy":"material","embeddable":true,"href":"https:\/\/grevy.art\/en\/wp-json\/wp\/v2\/material?post=5897"},{"taxonomy":"motiv","embeddable":true,"href":"https:\/\/grevy.art\/en\/wp-json\/wp\/v2\/motiv?post=5897"},{"taxonomy":"product_brand","embeddable":true,"href":"https:\/\/grevy.art\/en\/wp-json\/wp\/v2\/product_brand?post=5897"},{"taxonomy":"product_cat","embeddable":true,"href":"https:\/\/grevy.art\/en\/wp-json\/wp\/v2\/product_cat?post=5897"},{"taxonomy":"product_tag","embeddable":true,"href":"https:\/\/grevy.art\/en\/wp-json\/wp\/v2\/product_tag?post=5897"}],"curies":[{"name":"wp","href":"https:\/\/api.w.org\/{rel}","templated":true}]}}

Kölsche Andacht

<p><strong>Original auf Leinen / Keilrahmen. </strong><br />
Gemälde mit hochwertigen Lascaux Farben und Schutzfirnis.<br />
Seitliche Bemalung in der Tiefe, dadurch kann man auf eine Rahmung verzichten.<br />
Du darfst das Werk bei Interesse zur Probe aufhängen.</p>

<p>Das Kunstwerk &#8220;Kölsche Andacht&#8221; verbindet die religiöse Symbolik oder die gesellschaftliche Zwänge mit tiefer Sehnsucht und Freiheit.<br />
Eine verliebte Frau steht im Vordergrund und blickt andächtig in den Himmel.<br />
Ihre Haltung und der Titel des Werks suggerieren einen spirituellen Moment der Besinnung.</p>
<p>Die Anwesenheit der Nonne verstärkt das Thema der Andacht und des Glaubens, während sie zugleich als strenge Beobachterin der Situation fungiert.</p>
<p>Im Kontrast dazu steht die Flasche Afri Cola, ein Symbol für Konsum, Freiheit und Protest aus Köln. Afri Cola, als westdeutsches Kultgetränk bekannt, wird hier als bewusst gewähltes Element eingesetzt, das die Konsumgesellschaft und die Verbindung von Religion und Kommerzialisierung kritisiert. Die Flasche könnte auch eine subtile Anspielung auf die Pop-Art-Bewegung sein, die Alltagsgegenstände in die Kunst integrierte, um die moderne Kultur zu reflektieren.</p>
<p>Insgesamt erzeugt das Kunstwerk einen spannungsvollen Dialog zwischen Tradition und Moderne, Glaube, Pop und Konsum.</p>
