{"id":6087,"date":"2025-08-06T16:31:52","date_gmt":"2025-08-06T14:31:52","guid":{"rendered":"https:\/\/grevy.art\/?post_type=product&#038;p=6087"},"modified":"2025-08-06T16:45:15","modified_gmt":"2025-08-06T14:45:15","slug":"licht-und-schatten","status":"publish","type":"product","link":"https:\/\/grevy.art\/en\/kunstwerke\/digital-art-en\/licht-und-schatten\/","title":{"rendered":"Licht und Schatten"},"content":{"rendered":"","protected":false},"excerpt":{"rendered":"<p>Art on demand: Vorgeschlagene Gr\u00f6\u00dfe ist 60\u00d780 auf Leinwand oder Papier hinter Glas<\/p>\n","protected":false},"featured_media":5952,"comment_status":"open","ping_status":"closed","template":"","meta":{"_acf_changed":false},"ausgestaltungen":[74],"farbigkeit":[58,67,65,63],"material":[],"motiv":[173,174],"product_brand":[],"product_cat":[204],"product_tag":[400],"class_list":{"0":"post-6087","1":"product","2":"type-product","3":"status-publish","4":"has-post-thumbnail","6":"ausgestaltungen-original","7":"farbigkeit-gelb","8":"farbigkeit-grau","9":"farbigkeit-schwarz","10":"farbigkeit-tuerkis","11":"motiv-abstrakt","12":"motiv-figurativ","13":"product_cat-digital-art","14":"product_tag-collage","16":"first","17":"instock","18":"taxable","19":"shipping-taxable","20":"purchasable","21":"product-type-simple"},"acf":[],"aioseo_notices":[],"_links":{"self":[{"href":"https:\/\/grevy.art\/en\/wp-json\/wp\/v2\/product\/6087","targetHints":{"allow":["GET"]}}],"collection":[{"href":"https:\/\/grevy.art\/en\/wp-json\/wp\/v2\/product"}],"about":[{"href":"https:\/\/grevy.art\/en\/wp-json\/wp\/v2\/types\/product"}],"replies":[{"embeddable":true,"href":"https:\/\/grevy.art\/en\/wp-json\/wp\/v2\/comments?post=6087"}],"wp:featuredmedia":[{"embeddable":true,"href":"https:\/\/grevy.art\/en\/wp-json\/wp\/v2\/media\/5952"}],"wp:attachment":[{"href":"https:\/\/grevy.art\/en\/wp-json\/wp\/v2\/media?parent=6087"}],"wp:term":[{"taxonomy":"ausgestaltungen","embeddable":true,"href":"https:\/\/grevy.art\/en\/wp-json\/wp\/v2\/ausgestaltungen?post=6087"},{"taxonomy":"farbigkeit","embeddable":true,"href":"https:\/\/grevy.art\/en\/wp-json\/wp\/v2\/farbigkeit?post=6087"},{"taxonomy":"material","embeddable":true,"href":"https:\/\/grevy.art\/en\/wp-json\/wp\/v2\/material?post=6087"},{"taxonomy":"motiv","embeddable":true,"href":"https:\/\/grevy.art\/en\/wp-json\/wp\/v2\/motiv?post=6087"},{"taxonomy":"product_brand","embeddable":true,"href":"https:\/\/grevy.art\/en\/wp-json\/wp\/v2\/product_brand?post=6087"},{"taxonomy":"product_cat","embeddable":true,"href":"https:\/\/grevy.art\/en\/wp-json\/wp\/v2\/product_cat?post=6087"},{"taxonomy":"product_tag","embeddable":true,"href":"https:\/\/grevy.art\/en\/wp-json\/wp\/v2\/product_tag?post=6087"}],"curies":[{"name":"wp","href":"https:\/\/api.w.org\/{rel}","templated":true}]}}

<p>Art on demand: Vorgeschlagene Größe ist 60×80 auf Leinwand oder Papier hinter Glas</p>
