{"id":6472,"date":"2025-08-26T21:59:04","date_gmt":"2025-08-26T19:59:04","guid":{"rendered":"https:\/\/grevy.art\/?post_type=product&#038;p=6472"},"modified":"2025-10-09T23:36:34","modified_gmt":"2025-10-09T21:36:34","slug":"koelner-dom-i","status":"publish","type":"product","link":"https:\/\/grevy.art\/en\/kunstwerke\/painting\/koelner-dom-i\/","title":{"rendered":"K\u00f6lner Dom I"},"content":{"rendered":"","protected":false},"excerpt":{"rendered":"<p>Bei diesem Werk wurde die Farbe \u00e4hnlich wie bei der Impasto-Technik sehr pastos mit H\u00e4nden aufgetragen.<\/p>\n","protected":false},"featured_media":6473,"comment_status":"open","ping_status":"closed","template":"","meta":{"_acf_changed":false},"ausgestaltungen":[74],"farbigkeit":[560,57,68,241,192,194],"material":[212,217],"motiv":[186,177,184,187,542],"product_brand":[],"product_cat":[18],"product_tag":[360,512,584,345,347,138,147,375],"class_list":{"0":"post-6472","1":"product","2":"type-product","3":"status-publish","4":"has-post-thumbnail","6":"ausgestaltungen-original","7":"farbigkeit-beige","8":"farbigkeit-blau","9":"farbigkeit-braun","10":"farbigkeit-erdfarben","11":"farbigkeit-pastell","12":"farbigkeit-sepia","13":"material-acryl","14":"material-leinwand","15":"motiv-elemente","16":"motiv-gegenstaendlich","17":"motiv-landschaft","18":"motiv-stillleben","19":"motiv-wasser","20":"product_cat-malerei","21":"product_tag-acryl","22":"product_tag-blau","23":"product_tag-dom","24":"product_tag-gegenstaendlich","25":"product_tag-hell","26":"product_tag-himmel","27":"product_tag-licht","28":"product_tag-romantisch","30":"first","31":"instock","32":"taxable","33":"shipping-taxable","34":"purchasable","35":"product-type-simple"},"acf":[],"aioseo_notices":[],"_links":{"self":[{"href":"https:\/\/grevy.art\/en\/wp-json\/wp\/v2\/product\/6472","targetHints":{"allow":["GET"]}}],"collection":[{"href":"https:\/\/grevy.art\/en\/wp-json\/wp\/v2\/product"}],"about":[{"href":"https:\/\/grevy.art\/en\/wp-json\/wp\/v2\/types\/product"}],"replies":[{"embeddable":true,"href":"https:\/\/grevy.art\/en\/wp-json\/wp\/v2\/comments?post=6472"}],"wp:featuredmedia":[{"embeddable":true,"href":"https:\/\/grevy.art\/en\/wp-json\/wp\/v2\/media\/6473"}],"wp:attachment":[{"href":"https:\/\/grevy.art\/en\/wp-json\/wp\/v2\/media?parent=6472"}],"wp:term":[{"taxonomy":"ausgestaltungen","embeddable":true,"href":"https:\/\/grevy.art\/en\/wp-json\/wp\/v2\/ausgestaltungen?post=6472"},{"taxonomy":"farbigkeit","embeddable":true,"href":"https:\/\/grevy.art\/en\/wp-json\/wp\/v2\/farbigkeit?post=6472"},{"taxonomy":"material","embeddable":true,"href":"https:\/\/grevy.art\/en\/wp-json\/wp\/v2\/material?post=6472"},{"taxonomy":"motiv","embeddable":true,"href":"https:\/\/grevy.art\/en\/wp-json\/wp\/v2\/motiv?post=6472"},{"taxonomy":"product_brand","embeddable":true,"href":"https:\/\/grevy.art\/en\/wp-json\/wp\/v2\/product_brand?post=6472"},{"taxonomy":"product_cat","embeddable":true,"href":"https:\/\/grevy.art\/en\/wp-json\/wp\/v2\/product_cat?post=6472"},{"taxonomy":"product_tag","embeddable":true,"href":"https:\/\/grevy.art\/en\/wp-json\/wp\/v2\/product_tag?post=6472"}],"curies":[{"name":"wp","href":"https:\/\/api.w.org\/{rel}","templated":true}]}}

Kölner Dom I

<p>Bei diesem Werk wurde die Farbe ähnlich wie bei der Impasto-Technik sehr pastos mit Händen aufgetragen.</p>
