{"id":8364,"date":"2026-03-11T12:58:31","date_gmt":"2026-03-11T11:58:31","guid":{"rendered":"https:\/\/grevy.art\/?post_type=product&#038;p=8364"},"modified":"2026-04-07T19:20:47","modified_gmt":"2026-04-07T17:20:47","slug":"vor-lauter-liebe-trage-ich-rose-2023","status":"publish","type":"product","link":"https:\/\/grevy.art\/en\/kunstwerke\/painting\/vor-lauter-liebe-trage-ich-rose-2023\/","title":{"rendered":"vor lauter Liebe trage ich ros\u00e9 (2023)"},"content":{"rendered":"<p>Die Figur bleibt still und beobachtend, fast losgel\u00f6st von der farbigen, rauen Umgebung &#8211; und doch nimmt sie Kontakt, Blickbeziehung zu den wie fallend wirkenden Formen auf. Insgesamt erzeugt das Werk einen fragilen, br\u00fcchigen Eindruck, unterst\u00fctzt durch die fl\u00fcchtige Materialit\u00e4t der Zeitungsschichten und dem Kontrast zwischen Kontur und pastosem Farbauftrag.<\/p>\n","protected":false},"excerpt":{"rendered":"<p>Mischtechnik auf Zeitung und Holz<\/p>\n","protected":false},"featured_media":8367,"comment_status":"open","ping_status":"closed","template":"","meta":{"_acf_changed":false},"ausgestaltungen":[73],"farbigkeit":[254,385,65,66],"material":[212,219,215,218,230],"motiv":[],"product_brand":[],"product_cat":[18,28],"product_tag":[253,250,245,646],"class_list":{"0":"post-8364","1":"product","2":"type-product","3":"status-publish","4":"has-post-thumbnail","6":"ausgestaltungen-unikat","7":"farbigkeit-grauweiss","8":"farbigkeit-rose","9":"farbigkeit-schwarz","10":"farbigkeit-weiss","11":"material-acryl","12":"material-holz","13":"material-naturfarben","14":"material-papier","15":"material-wachs","16":"product_cat-malerei","17":"product_cat-mixedmedia","18":"product_tag-farbflaechen","19":"product_tag-figur","20":"product_tag-strukturen","21":"product_tag-zeitung","23":"first","24":"instock","25":"sold-individually","26":"shipping-taxable","27":"purchasable","28":"product-type-simple"},"acf":[],"aioseo_notices":[],"_links":{"self":[{"href":"https:\/\/grevy.art\/en\/wp-json\/wp\/v2\/product\/8364","targetHints":{"allow":["GET"]}}],"collection":[{"href":"https:\/\/grevy.art\/en\/wp-json\/wp\/v2\/product"}],"about":[{"href":"https:\/\/grevy.art\/en\/wp-json\/wp\/v2\/types\/product"}],"replies":[{"embeddable":true,"href":"https:\/\/grevy.art\/en\/wp-json\/wp\/v2\/comments?post=8364"}],"wp:featuredmedia":[{"embeddable":true,"href":"https:\/\/grevy.art\/en\/wp-json\/wp\/v2\/media\/8367"}],"wp:attachment":[{"href":"https:\/\/grevy.art\/en\/wp-json\/wp\/v2\/media?parent=8364"}],"wp:term":[{"taxonomy":"ausgestaltungen","embeddable":true,"href":"https:\/\/grevy.art\/en\/wp-json\/wp\/v2\/ausgestaltungen?post=8364"},{"taxonomy":"farbigkeit","embeddable":true,"href":"https:\/\/grevy.art\/en\/wp-json\/wp\/v2\/farbigkeit?post=8364"},{"taxonomy":"material","embeddable":true,"href":"https:\/\/grevy.art\/en\/wp-json\/wp\/v2\/material?post=8364"},{"taxonomy":"motiv","embeddable":true,"href":"https:\/\/grevy.art\/en\/wp-json\/wp\/v2\/motiv?post=8364"},{"taxonomy":"product_brand","embeddable":true,"href":"https:\/\/grevy.art\/en\/wp-json\/wp\/v2\/product_brand?post=8364"},{"taxonomy":"product_cat","embeddable":true,"href":"https:\/\/grevy.art\/en\/wp-json\/wp\/v2\/product_cat?post=8364"},{"taxonomy":"product_tag","embeddable":true,"href":"https:\/\/grevy.art\/en\/wp-json\/wp\/v2\/product_tag?post=8364"}],"curies":[{"name":"wp","href":"https:\/\/api.w.org\/{rel}","templated":true}]}}

vor lauter Liebe trage ich rosé (2023)

<p>Die Figur bleibt still und beobachtend, fast losgelöst von der farbigen, rauen Umgebung &#8211; und doch nimmt sie Kontakt, Blickbeziehung zu den wie fallend wirkenden Formen auf. Insgesamt erzeugt das Werk einen fragilen, brüchigen Eindruck, unterstützt durch die flüchtige Materialität der Zeitungsschichten und dem Kontrast zwischen Kontur und pastosem Farbauftrag.</p>
