{"id":8592,"date":"2026-03-17T14:36:08","date_gmt":"2026-03-17T13:36:08","guid":{"rendered":"https:\/\/grevy.art\/?post_type=product&#038;p=8592"},"modified":"2026-03-17T14:54:12","modified_gmt":"2026-03-17T13:54:12","slug":"ueber-ich","status":"publish","type":"product","link":"https:\/\/grevy.art\/en\/kunstwerke\/sculpture\/ueber-ich\/","title":{"rendered":"\u00dcber Ich"},"content":{"rendered":"","protected":false},"excerpt":{"rendered":"<p>Die Skulptur erz\u00e4hlt verschiedene Ebenen.<\/p>\n<p>Die des &#8220;\u00dcber Ich&#8221;, das &#8220;Ich&#8221; Ideal, welches sich l\u00f6sgel\u00f6st von dem Trieb wahrnimmt.<\/p>\n<p>Sich selber &#8220;hochleben&#8221; lassen.<\/p>\n<p>Eine Beziehung zwischen zwei Menschen\/M\u00e4nnern, in der der eine den anderen &#8220;auf H\u00e4nden&#8221; tr\u00e4gt, welches im negativen Sinne die Idialisierung\/\u00dcberh\u00f6hung mit sich bringt, aber im Positiven (im Wechselspiel) die Grundwerte einer Partnerschaft in sich tr\u00e4gt.<\/p>\n<p>&nbsp;<\/p>\n","protected":false},"featured_media":8593,"comment_status":"open","ping_status":"closed","template":"","meta":{"_acf_changed":false},"ausgestaltungen":[76],"farbigkeit":[251,65],"material":[224],"motiv":[174,182,179],"product_brand":[],"product_cat":[207],"product_tag":[354,664,364],"class_list":{"0":"post-8592","1":"product","2":"type-product","3":"status-publish","4":"has-post-thumbnail","6":"ausgestaltungen-serielles-unikat","7":"farbigkeit-gold","8":"farbigkeit-schwarz","9":"material-bronze","10":"motiv-figurativ","11":"motiv-mann","12":"motiv-mensch","13":"product_cat-skulpturen","14":"product_tag-balance","15":"product_tag-bronze","16":"product_tag-mann","18":"first","19":"instock","20":"taxable","21":"shipping-taxable","22":"purchasable","23":"product-type-simple"},"acf":[],"aioseo_notices":[],"_links":{"self":[{"href":"https:\/\/grevy.art\/en\/wp-json\/wp\/v2\/product\/8592","targetHints":{"allow":["GET"]}}],"collection":[{"href":"https:\/\/grevy.art\/en\/wp-json\/wp\/v2\/product"}],"about":[{"href":"https:\/\/grevy.art\/en\/wp-json\/wp\/v2\/types\/product"}],"replies":[{"embeddable":true,"href":"https:\/\/grevy.art\/en\/wp-json\/wp\/v2\/comments?post=8592"}],"wp:featuredmedia":[{"embeddable":true,"href":"https:\/\/grevy.art\/en\/wp-json\/wp\/v2\/media\/8593"}],"wp:attachment":[{"href":"https:\/\/grevy.art\/en\/wp-json\/wp\/v2\/media?parent=8592"}],"wp:term":[{"taxonomy":"ausgestaltungen","embeddable":true,"href":"https:\/\/grevy.art\/en\/wp-json\/wp\/v2\/ausgestaltungen?post=8592"},{"taxonomy":"farbigkeit","embeddable":true,"href":"https:\/\/grevy.art\/en\/wp-json\/wp\/v2\/farbigkeit?post=8592"},{"taxonomy":"material","embeddable":true,"href":"https:\/\/grevy.art\/en\/wp-json\/wp\/v2\/material?post=8592"},{"taxonomy":"motiv","embeddable":true,"href":"https:\/\/grevy.art\/en\/wp-json\/wp\/v2\/motiv?post=8592"},{"taxonomy":"product_brand","embeddable":true,"href":"https:\/\/grevy.art\/en\/wp-json\/wp\/v2\/product_brand?post=8592"},{"taxonomy":"product_cat","embeddable":true,"href":"https:\/\/grevy.art\/en\/wp-json\/wp\/v2\/product_cat?post=8592"},{"taxonomy":"product_tag","embeddable":true,"href":"https:\/\/grevy.art\/en\/wp-json\/wp\/v2\/product_tag?post=8592"}],"curies":[{"name":"wp","href":"https:\/\/api.w.org\/{rel}","templated":true}]}}

Über Ich

<p>Die Skulptur erzählt verschiedene Ebenen.</p>
<p>Die des &#8220;Über Ich&#8221;, das &#8220;Ich&#8221; Ideal, welches sich lösgelöst von dem Trieb wahrnimmt.</p>
<p>Sich selber &#8220;hochleben&#8221; lassen.</p>
<p>Eine Beziehung zwischen zwei Menschen/Männern, in der der eine den anderen &#8220;auf Händen&#8221; trägt, welches im negativen Sinne die Idialisierung/Überhöhung mit sich bringt, aber im Positiven (im Wechselspiel) die Grundwerte einer Partnerschaft in sich trägt.</p>
<p>&nbsp;</p>
